e the greatest common factor of 100 and 496450.
50
What is the greatest common factor of 14424 and 13032?
24
Calculate the highest common divisor of 7967 and 24929.
257
Calculate the highest common divisor of 20518 and 1.
1
Calculate the greatest common divisor of 23183 and 1552.
97
What is the highest common factor of 297222 and 6?
6
Calculate the highest common factor of 139 and 513327.
139
What is the highest common factor of 5682 and 753812?
1894
What is the greatest common factor of 1581 and 459544?
527
Calculate the highest common factor of 20267 and 52.
13
Calculate the highest common divisor of 611677 and 77.
11
Calculate the greatest common divisor of 87763 and 1118.
559
Calculate the greatest common factor of 12 and 17124252.
12
Calculate the highest common factor of 416 and 30524.
52
Calculate the greatest common divisor of 3333 and 7920.
33
Calculate the highest common factor of 79 and 323347.
79
Calculate the greatest common divisor of 35585 and 649.
11
What is the highest common divisor of 1941890 and 322?
46
What is the greatest common divisor of 1691 and 159577?
89
Calculate the highest common divisor of 2192918 and 182.
182
Calculate the greatest common divisor of 5036847 and 111.
111
What is the greatest common factor of 39008 and 597632?
736
Calculate the greatest common factor of 120276 and 2570.
514
Calculate the highest common factor of 120 and 331140.
60
What is the highest common factor of 19921 and 11?
11
Calculate the highest common divisor of 201 and 65057.
67
What is the greatest common factor of 2 and 5086?
2
Calculate the highest common divisor of 333 and 11043.
9
Calculate the greatest common divisor of 9499 and 59.
59
What is the highest common factor of 275 and 12725?
25
What is the greatest common factor of 219560 and 20?
20
What is the highest common divisor of 238464 and 2691?
207
Calculate the greatest common divisor of 18 and 7662.
6
What is the highest common divisor of 179 and 12477374?
179
What is the highest common divisor of 102400 and 475?
25
Calculate the greatest common factor of 21537 and 81.
9
What is the highest common divisor of 1754955 and 5?
5
Calculate the greatest common divisor of 10 and 29600.
10
What is the greatest common factor of 243 and 1491?
3
Calculate the highest common divisor of 84 and 225988.
28
What is the greatest common divisor of 102 and 67422?
102
Calculate the greatest common divisor of 8892 and 5700.
228
Calculate the highest common divisor of 1301310 and 684.
342
What is the highest common divisor of 111040 and 192?
64
What is the highest common factor of 141 and 5223?
3
Calculate the greatest common divisor of 216840 and 390.
390
Calculate the highest common factor of 972 and 2286.
18
What is the highest common factor of 15 and 49745?
5
What is the highest common divisor of 1276 and 6641?
29
What is the highest common factor of 110808 and 1596?
228
Calculate the greatest common factor of 126362 and 391.
23
Calculate the greatest common divisor of 3518 and 30.
2
Calculate the highest common factor of 595 and 27608.
119
What is the highest common divisor of 897347 and 10092?
841
Calculate the greatest common factor of 1310158 and 122.
122
Calculate the highest common divisor of 296 and 77034.
74
What is the greatest common divisor of 825695 and 260?
65
Calculate the highest common factor of 612 and 954.
18
Calculate the greatest common divisor of 9125 and 8395.
365
What is the greatest common factor of 6891615 and 639?
639
What is the greatest common divisor of 4539525 and 300?
75
What is the highest common factor of 3296 and 256?
32
What is the greatest common divisor of 946 and 8256?
86
What is the greatest common factor of 765168 and 912?
912
What is the greatest common factor of 869824 and 512?
64
What is the highest common factor of 10 and 579770?
10
What is the greatest common factor of 16416 and 2204?
76
What is the highest common factor of 1897 and 413?
7
Calculate the greatest common divisor of 13 and 160303.
13
Calculate the greatest common factor of 27000 and 405.
135
Calculate the greatest common factor of 91 and 1393119.
91
What is the highest common factor of 25815 and 690?
15
Calculate the highest common divisor of 731 and 289.
17
What is the highest common factor of 1001 and 1232?
77
Calculate the highest common factor of 13 and 1252277.
13
What is the greatest common divisor of 6522 and 54?
6
What is the highest common divisor of 170725 and 25?
25
Calculate the greatest common divisor of 44522 and 1970.
394
Calculate the highest common divisor of 177246 and 8931.
687
Calculate the greatest common divisor of 9799 and 17686.
239
What is the greatest common divisor of 2720 and 33660?
340
What is the highest common factor of 2259191 and 121?
121
What is the highest common divisor of 79284 and 96?
12
What is the highest common factor of 1393104 and 192?
48
Calculate the highest common factor of 37 and 359677.
37
Calculate the highest common factor of 96 and 167964.
12
Calculate the greatest common divisor of 1956 and 1632.
12
What is the highest common factor of 4544 and 11008?
64
Calculate the highest common divisor of 9695780 and 85.
85
What is the greatest common divisor of 17536 and 896?
128
What is the highest common divisor of 735 and 3381?
147
Calculate the greatest common divisor of 444 and 38184.
444
Calculate the greatest common factor of 16821 and 1280265.
1869
Calculate the greatest common factor of 395837 and 13.
13
What is the highest common factor of 1178324 and 28?
28
What is the greatest common factor of 216 and 4428?
108
Calculate the highest common divisor of 290 and 21402.
58
Calculate the greatest common divisor of 256 and 2272.
32
Calculate the highest common divisor of 397481 and 21.
7
What is the greatest common factor of 450703 and 11?
11
Calculate the greatest common factor of 92 and 549079.
23
What is the greatest common divisor of 880440 and 14520?
1320
Calculate the highest common divisor of 3749 and 1495.
23
Calculate the greatest common divisor of 1479 and 224247.
51
What is the greatest common factor of 301879 and 127?
127
Calculate the highest common divisor of 109917 and 1242.
621
What is the greatest common divisor of 3160 and 1160?
40
What is the highest common factor of 711053 and 628?
157
Calculate the highest common factor of 1260 and 135765.
315
Calculate the greatest common factor of 2835 and 42363.
81
Calculate the greatest common divisor of 66 and 173558.
22
Calculate the highest common divisor of 50 and 449230.
10
Calculate the highest common factor of 218148 and 196.
196
What is the greatest common divisor of 490 and 3810?
10
What is the greatest common factor of 3875 and 65375?
125
Calculate the greatest common factor of 1194 and 2298.
6
What is the highest common divisor of 46 and 58167?
23
What is the greatest common factor of 221552 and 14982?
454
What is the highest common divisor of 46956 and 924?
84
Calculate the highest common divisor of 8 and 1364564.
4
Calculate the highest common divisor of 10 and 3754.
2
What is the highest common divisor of 627 and 18069?
57
What is the highest common divisor of 650966 and 668?
334
What is the highest common factor of 4141 and 6161?
101
Calculate the highest common factor of 21082 and 415.
83
Calculate the highest common divisor of 3588 and 18860.
92
Calculate the highest common divisor of 67 and 239257.
67
Calculate the highest common factor of 48 and 253848.
24
What is the highest common factor of 415 and 219452?
83
What is the greatest common divisor of 178723 and 626?
313
Calculate the highest common factor of 71723 and 34.
17
What is the greatest common factor of 1392137 and 262?
131
Calculate the greatest common divisor of 361255 and 2.
1
What is the greatest common divisor of 11285 and 183705?
185
Calculate the greatest common factor of 12304 and 641346.
1538
What is the highest common factor of 160 and 185760?
160
Calculate the highest common divisor of 90068 and 623.
89
Calculate the highest common divisor of 5756 and 1044.
4
Calculate the greatest common divisor of 13536 and 1598.
94
Calculate the highest common factor of 334695 and 45.
15
What is the highest common divisor of 17 and 312613?
17
Calculate the highest common divisor of 81 and 504549.
81
Ca